{"id":4795,"date":"2024-02-19T18:26:29","date_gmt":"2024-02-19T16:26:29","guid":{"rendered":"https:\/\/www.xn--claudiaschfer-kfb.de\/?page_id=4795"},"modified":"2024-02-19T18:48:00","modified_gmt":"2024-02-19T16:48:00","slug":"kennenlern-gespraech","status":"publish","type":"page","link":"https:\/\/www.xn--claudiaschfer-kfb.de\/?page_id=4795","title":{"rendered":"Kostenloses Kennenlern-Gespr\u00e4ch"},"content":{"rendered":"\n<p>Dies ist ein eine Einladung zu einem unverbindlichen f\u00fcnfzehnmin\u00fctigen Telefon-Gespr\u00e4ch, in dem Du\/Sie Fragen an mich stellen k\u00f6nnen und wir dann feststellen, ob und wie ich Dir\/Ihnen mit meinem Coaching Angebot weiterhelfen kann.<\/p>\n\n\n\n<p>Ich freue mich auf Deine\/Ihre Terminbuchung und das Telefonat.<\/p>\n\n\n\n<p><a href=\"https:\/\/calendly.com\/claudia-schaefer-coaching\/kostenfreies-kennenlern-u-infogesprach?month=2024-02\" target=\"_blank\" rel=\"noopener\" title=\"\">Link zum kostenlosen Kennenlern- und Info-Gespr\u00e4ch<\/a> (extern bei calendly.com, \u00f6ffnet in einem neuen Tab)<\/p>\n<div class=\"twoclick_social_bookmarks_post_4795 social_share_privacy clearfix 1.6.4 locale-de_DE sprite-de_DE\"><\/div><div class=\"twoclick-js\"><script type=\"text\/javascript\">\/* <![CDATA[ *\/\njQuery(document).ready(function($){if($('.twoclick_social_bookmarks_post_4795')){$('.twoclick_social_bookmarks_post_4795').socialSharePrivacy({\"services\":{\"facebook\":{\"status\":\"on\",\"txt_info\":\"2 Klicks f\\u00fcr mehr Datenschutz: Erst wenn Sie hier klicken, wird der Button aktiv und Sie k\\u00f6nnen Ihre Empfehlung an Facebook senden. Schon beim Aktivieren werden Daten an Dritte \\u00fcbertragen - siehe <em>i<\\\/em>.\",\"perma_option\":\"off\",\"action\":\"like\",\"language\":\"de_DE\"},\"twitter\":{\"reply_to\":\"\",\"tweet_text\":\"Kostenloses%20Kennenlern-Gespr%C3%A4ch%20%C2%BB%20Claudia%20Sch%C3%A4fer\",\"status\":\"on\",\"txt_info\":\"2 Klicks f\\u00fcr mehr Datenschutz: Erst wenn Sie hier klicken, wird der Button aktiv und Sie k\\u00f6nnen Ihre Empfehlung an Twitter senden. Schon beim Aktivieren werden Daten an Dritte \\u00fcbertragen - siehe <em>i<\\\/em>.\",\"perma_option\":\"off\",\"language\":\"de\",\"referrer_track\":\"\"},\"gplus\":{\"status\":\"on\",\"txt_info\":\"2 Klicks f\\u00fcr mehr Datenschutz: Erst wenn Sie hier klicken, wird der Button aktiv und Sie k\\u00f6nnen Ihre Empfehlung an Google+ senden. Schon beim Aktivieren werden Daten an Dritte \\u00fcbertragen - siehe <em>i<\\\/em>.\",\"perma_option\":\"off\",\"referrer_track\":\"\"},\"xing\":{\"status\":\"on\",\"txt_info\":\"2 Klicks f\\u00fcr mehr Datenschutz: Erst wenn Sie hier klicken, wird der Button aktiv und Sie k\\u00f6nnen Ihre Empfehlung an Xing senden. Schon beim Aktivieren werden Daten an Dritte \\u00fcbertragen - siehe <em>i<\\\/em>.\",\"perma_option\":\"off\",\"language\":\"de\",\"referrer_track\":\"\"}},\"txt_help\":\"Wenn Sie diese Felder durch einen Klick aktivieren, werden Informationen an Facebook, Twitter, Flattr, Xing, t3n, LinkedIn, Pinterest oder Google eventuell ins Ausland \\u00fcbertragen und unter Umst\\u00e4nden auch dort gespeichert. N\\u00e4heres erfahren Sie durch einen Klick auf das <em>i<\\\/em>.\",\"settings_perma\":\"Dauerhaft aktivieren und Daten\\u00fcber-tragung zustimmen:\",\"info_link\":\"http:\\\/\\\/www.heise.de\\\/ct\\\/artikel\\\/2-Klicks-fuer-mehr-Datenschutz-1333879.html\",\"uri\":\"https:\\\/\\\/www.xn--claudiaschfer-kfb.de\\\/?page_id=4795\",\"post_id\":4795,\"post_title_referrer_track\":\"Kostenloses+Kennenlern-Gespr%C3%A4ch\",\"display_infobox\":\"on\"});}});\n\/* ]]> *\/<\/script><\/div>","protected":false},"excerpt":{"rendered":"<p>Dies ist ein eine Einladung zu einem unverbindlichen f\u00fcnfzehnmin\u00fctigen Telefon-Gespr\u00e4ch, in dem Du\/Sie Fragen an mich stellen k\u00f6nnen und wir dann feststellen, ob und wie ich Dir\/Ihnen mit meinem Coaching Angebot weiterhelfen kann. Ich freue mich auf Deine\/Ihre Terminbuchung und das Telefonat. Link zum kostenlosen Kennenlern- und Info-Gespr\u00e4ch (extern bei calendly.com, \u00f6ffnet in einem neuen [&hellip;]<\/p>\n","protected":false},"author":138,"featured_media":0,"parent":0,"menu_order":0,"comment_status":"closed","ping_status":"closed","template":"","meta":{"footnotes":""},"class_list":["post-4795","page","type-page","status-publish","hentry"],"aioseo_notices":[],"_links":{"self":[{"href":"https:\/\/www.xn--claudiaschfer-kfb.de\/index.php?rest_route=\/wp\/v2\/pages\/4795","targetHints":{"allow":["GET"]}}],"collection":[{"href":"https:\/\/www.xn--claudiaschfer-kfb.de\/index.php?rest_route=\/wp\/v2\/pages"}],"about":[{"href":"https:\/\/www.xn--claudiaschfer-kfb.de\/index.php?rest_route=\/wp\/v2\/types\/page"}],"author":[{"embeddable":true,"href":"https:\/\/www.xn--claudiaschfer-kfb.de\/index.php?rest_route=\/wp\/v2\/users\/138"}],"replies":[{"embeddable":true,"href":"https:\/\/www.xn--claudiaschfer-kfb.de\/index.php?rest_route=%2Fwp%2Fv2%2Fcomments&post=4795"}],"version-history":[{"count":0,"href":"https:\/\/www.xn--claudiaschfer-kfb.de\/index.php?rest_route=\/wp\/v2\/pages\/4795\/revisions"}],"wp:attachment":[{"href":"https:\/\/www.xn--claudiaschfer-kfb.de\/index.php?rest_route=%2Fwp%2Fv2%2Fmedia&parent=4795"}],"curies":[{"name":"wp","href":"https:\/\/api.w.org\/{rel}","templated":true}]}}